units digit of 57999903?
3
What is the hundreds digit of 77637432?
4
What is the tens digit of 80316494?
9
What is the thousands digit of 949181870?
1
What is the tens digit of 6995819869?
6
What is the thousands digit of 103353542?
3
What is the units digit of 95269075?
5
What is the millions digit of 137023358?
7
What is the ten millions digit of 663839551?
6
What is the tens digit of 30207806?
0
What is the ten thousands digit of 98751762?
5
What is the tens digit of 526326321?
2
What is the hundreds digit of 3596023293?
2
What is the ten millions digit of 459071685?
5
What is the millions digit of 74648635?
4
What is the ten thousands digit of 16573111?
7
What is the hundred thousands digit of 699376385?
3
What is the ten thousands digit of 594458232?
5
What is the thousands digit of 134142284?
2
What is the hundred millions digit of 3886276598?
8
What is the ten thousands digit of 39399070?
9
What is the millions digit of 3166825744?
6
What is the hundred millions digit of 292615576?
2
What is the units digit of 315523937?
7
What is the ten thousands digit of 75543105?
4
What is the units digit of 9843568?
8
What is the ten thousands digit of 92899901?
9
What is the tens digit of 1321185612?
1
What is the hundred millions digit of 433905993?
4
What is the millions digit of 5271262993?
1
What is the tens digit of 24631477?
7
What is the units digit of 2515164?
4
What is the ten thousands digit of 2622193161?
9
What is the millions digit of 86762769?
6
What is the units digit of 5192082335?
5
What is the ten millions digit of 77509535?
7
What is the thousands digit of 562991042?
1
What is the hundred millions digit of 2237910340?
2
What is the thousands digit of 53660553?
0
What is the ten millions digit of 227976019?
2
What is the hundreds digit of 86688584?
5
What is the ten thousands digit of 65523499?
2
What is the ten thousands digit of 64169197?
6
What is the hundred thousands digit of 131505563?
5
What is the hundred thousands digit of 29800897?
8
What is the millions digit of 742611816?
2
What is the thousands digit of 200667579?
7
What is the thousands digit of 886132763?
2
What is the millions digit of 225974836?
5
What is the hundred thousands digit of 2716806618?
8
What is the millions digit of 547976620?
7
What is the thousands digit of 1849491882?
1
What is the ten millions digit of 907901265?
0
What is the tens digit of 3350587174?
7
What is the ten thousands digit of 140212959?
1
What is the thousands digit of 159347630?
7
What is the tens digit of 421990545?
4
What is the units digit of 7947858?
8
What is the hundred millions digit of 1937002434?
9
What is the millions digit of 199660957?
9
What is the tens digit of 886111553?
5
What is the hundreds digit of 694882990?
9
What is the hundreds digit of 55120782?
7
What is the millions digit of 1726073201?
6
What is the thousands digit of 194002272?
2
What is the hundreds digit of 29946440?
4
What is the thousands digit of 1036554114?
4
What is the ten thousands digit of 60847234?
4
What is the tens digit of 136470699?
9
What is the hundreds digit of 64418192?
1
What is the millions digit of 2525477229?
5
What is the hundred millions digit of 162289838?
1
What is the millions digit of 2528342517?
8
What is the hundreds digit of 4724896096?
0
What is the billions digit of 1718611158?
1
What is the thousands digit of 36608244?
8
What is the hundred millions digit of 107220670?
1
What is the units digit of 33471071?
1
What is the hundreds digit of 351043047?
0
What is the thousands digit of 569356618?
6
What is the units digit of 482509202?
2
What is the hundred thousands digit of 2612277?
6
What is the ten thousands digit of 133665067?
6
What is the hundreds digit of 126555577?
5
What is the hundred millions digit of 3028273657?
0
What is the millions digit of 320077887?
0
What is the tens digit of 214248547?
4
What is the billions digit of 1005533904?
1
What is the millions digit of 1196148303?
6
What is the thousands digit of 129389160?
9
What is the ten millions digit of 310869963?
1
What is the ten thousands digit of 484159206?
5
What is the tens digit of 1150083683?
8
What is the ten millions digit of 93886412?
9
What is the ten thousands digit of 51068411?
6
What is the tens digit of 1697115947?
4
What is the ten millions digit of 3966809522?
6
What is the hundred millions digit of 302497598?
3
What is the hundreds digit of 278935836?
8
What is the millions digit of 912449464?
2
What is the units digit of 62605389?
9
What is the tens digit of 59261267?
6
What is the ten millions digit of 60876965?
6
What is the ten millions digit of 22740272?
2
What is the units digit of 602779430?
0
What is the ten millions digit of 325433328?
2
What is the millions digit of 126787258?
6
What is the millions digit of 75078416?
5
What is the tens digit of 1233519308?
0
What is the thousands digit of 45929881?
9
What is the hundred thousands digit of 131148303?
1
What is the units digit of 6559355900?
0
What is the hundred thousands digit of 495566318?
5
What is the tens digit of 1293861683?
8
What is the hundred thousands digit of 250657766?
6
What is the hundred thousands digit of 398732054?
7
What is the thousands digit of 399868260?
8
What is the ten thousands digit of 7563809?
6
What is the ten thousands digit of 6768164?
6
What is the hundreds digit of 56952387?
3
What is the units digit of 1410185752?
2
What is the ten thousands digit of 5306505668?
0
What is the units digit of 26240594?
4
What is the ten thousands digit of 5408662587?
6
What is the thousands digit of 230061264?
1
What is the units digit of 869229265?
5
What is the tens digit of 1026230922?
2
What is the thousands digit of 176460771?
0
What is the millions digit of 4701446181?
1
What is the ten thousands digit of 804503366?
0
What is the hundred millions digit of 271633975?
2
What is the units digit of 57539240?
0
What is the ten thousands digit of 1585494714?
9
What is the tens digit of 2227433514?
1
What is the tens digit of 84156102?
0
What is the millions digit of 29427778?
9
What is the hundred millions digit of 101226384?
1
What is the millions digit of 202760468?
2
What is the thousands digit of 16206418?
6
What is the hundred millions digit of 817603705?
8
What is the ten thousands digit of 3543960493?
6
What is the tens digit of 897392391?
9
What is the millions digit of 553654636?
3
What is the units digit of 21378955?
5
What is the hundreds digit of 126475824?
8
What is the hundred thousands digit of 57375404?
3
What is the thousands digit of 348774987?
4
What is the units digit of 59239719?
9
What is the millions digit of 2053127117?
3
What is the hundreds digit of 10421791?
7
What is the hundred millions digit of 1776960857?
7
What is the tens digit of 263873540?
4
What is the hundred thousands digit of 421498606?
4
What is the tens digit of 1154080881?
8
What is the hundred millions digit of 941879049?
9
What is the ten thousands digit of 28096313?
9
What is the billions digit of 2545965311?
2
What is the thousands digit of 71338582?
8
What is the thousands digit of 47938091?
8
What is the millions digit of 3140959?
3
What is the hundred millions digit of 1598067297?
5
What is the hundred millions digit of 283279634?
2
What is the units digit of 124032794?
4
What is the ten millions digit of 141284775?
4
What is the hundred millions digit of 626458423?
6
What is the hundreds digit of 3211121714?
7
What is the millions digit of 5953812591?
3
What is the hundred thousands digit of 6179411?
1
What is the millions digit of 315801026?
5
What is the hundred thousands digit of 246516287?
5
What is the hundred millions digit of 4871170048?
8
What is the ten millions digit of 1636073160?
3
What is the millions digit of 15967884?
5
What is the units digit of 43223226?
6
What is the hundreds digit of 58211523?
5
What is the ten millions digit of 151982147?
5
What is the ten millions digit of 2820078610?
2
What is the hundreds digit of 2093365717?
7
What is the units digit of 178926445?
5
What is the millions digit of 377501329?
7
What is the units digit of 136068702?
2
What is the thousands digit of 834960?
4
What is the hundreds digit of 637255465?
4
What is the tens digit of 2540351567?
6
What is the hundre